or of 10 and g.
10
Suppose -56*d + 35 = -61*d, 3*n + d - 2960 = 0. What is the greatest common divisor of 215 and n?
43
Let y be (16/32)/((-11)/(-1078)). Calculate the greatest common divisor of y and 2401.
49
Let j be 28*-1*10/(-4). Suppose -160 = 16*v + 32. Let q be ((-420)/10)/(v/8). Calculate the highest common divisor of j and q.
14
Let f = -30 + 30. Let y = 3 + f. Suppose -3*w - y*h = -4*w - 10, 30 = w + 5*h. What is the greatest common factor of w and 45?
5
Let i = 1966 + -1861. Let x(d) = -7*d - 7. Let r be x(-7). What is the greatest common divisor of i and r?
21
Let p(t) = 72*t + 1076. Let h be p(-13). What is the greatest common divisor of h and 1330?
70
Let z(l) = 11*l + 17*l - 11*l - 199 - 56. Let f be z(16). What is the highest common factor of 68 and f?
17
Suppose -49*i = 40*i - 118192. Calculate the highest common divisor of i and 112.
16
Let s = -13 + 18. Suppose 0 = s*j + 13 - 953. Calculate the highest common factor of j and 47.
47
Let o(w) = 416*w**2 + 3*w + 2. Let i be o(-1). Let s(g) = g**2 - 4*g - 279. Let q be s(0). Let c = q + i. What is the greatest common factor of 17 and c?
17
Let h be (15/(-25))/((-3)/45). Let i be -12 + h + 1*-7. Let x be (4/i)/(8/(-120)). Calculate the greatest common divisor of x and 54.
6
Let b(w) = -w**3 - 10*w**2 + 38*w + 44. Let k be b(-14). Calculate the greatest common factor of 407 and k.
37
Let v be 32/2 + -36 + 11249. Calculate the highest common factor of v and 57.
57
Let u = -4512 + 4767. Suppose -2*o + 414 = -3*b, -2*o = -0*b - b - 410. Calculate the highest common factor of o and u.
51
Suppose 2*f - 54 = -4*n + 2, 0 = 5*n + 4*f - 70. Calculate the highest common divisor of 128 and n.
2
Suppose 17*x + 10 = 44. Suppose -j = -x*n - 2*j + 14, 0 = 3*n + 3*j - 24. What is the highest common factor of n and 48?
6
Suppose 660 = 2*y - 5*k, -61 = -4*k - 45. What is the greatest common factor of 68 and y?
68
Let h be 4 - (-6 + 4 + -16). Suppose 3*s + h = 5*s. Suppose -495 = -y - 4*y. Calculate the highest common factor of y and s.
11
Let f = -3051 - -5356. What is the greatest common divisor of 10 and f?
5
Let j = 52 + -16. Let u(m) = m + 9. Let k be u(6). Let z be 3/k + 0 - 119/(-5). What is the greatest common factor of z and j?
12
Let t = 1137 - 1128. Calculate the greatest common divisor of 1125 and t.
9
Let z(p) = 295*p**3 - 10*p**2 + 13*p - 4. Let d be z(1). What is the greatest common divisor of 504 and d?
42
Suppose 45*n - 40*n = 615. Let l = n - 71. Suppose 13*k - 11*k = l. What is the greatest common factor of 2 and k?
2
Let m(w) = -6*w - 86. Let j be m(-15). Suppose -j*t = -0*t + 4*k - 324, 3*t - 4*k - 208 = 0. What is the greatest common factor of t and 8?
4
Suppose 14*v - 488 = -7*v + 1780. Calculate the greatest common factor of v and 783.
27
Let v = -8113 + 8604. What is the highest common divisor of v and 1?
1
Let n be ((-1944)/2)/(-13 - (8 - 20)). Calculate the highest common divisor of 1080 and n.
108
Let k = 999 - 982. What is the highest common factor of k and 29648?
17
Let j(g) = 47*g + 617. Let i be j(-11). What is the highest common divisor of 75 and i?
25
Let z(n) = 511 + 18*n - n**2 + 0*n**2 - 520. Let x be z(17). What is the greatest common factor of 36 and x?
4
Suppose 146*y - 157*y + 1914 = 0. Suppose -243 = -12*i + 8*i + 3*c, -3*i = -5*c - y. Calculate the greatest common divisor of 441 and i.
63
Let a(i) = 5*i**2 + 37*i + 16. Let u be a(-8). Suppose -3*y = 5*k - 35 - u, k - 4*y = 38. Calculate the highest common divisor of 315 and k.
9
Let z = 3486 - 3301. Calculate the highest common factor of z and 296.
37
Let p(b) = 10*b**2 + 6*b + 5. Let x be p(-1). What is the highest common factor of 225 and x?
9
Suppose 388*h - 395*h + 21 = 0. Let i(u) = u**3 + 5*u**2 + 6*u + 5. Let v be i(-4). Let z = 21 - v. What is the greatest common factor of z and h?
3
Suppose 3*q - 3*n - 24 = -0*q, 3*n - 60 = -4*q. Suppose -q*a + 13*a + 4 = 0. Let k be 2247/28 + ((-3)/a - 1). Calculate the greatest common divisor of 16 and k.
16
Let o = -4513 + 7724. Calculate the greatest common divisor of o and 38.
19
Suppose 5*z + 3*c - 15 + 9 = 0, -5*z + c + 18 = 0. Let q = -9 + 25. Calculate the highest common factor of z and q.
1
Let t = -89 + 93. Suppose -r - t = -165. Calculate the highest common divisor of r and 7.
7
Suppose 0 = 3*r + 6*r. Suppose r = -x + 3*x - 6. Suppose -x*y + 6 = 0, -v + 20 = -0*v + 5*y. Calculate the greatest common divisor of 20 and v.
10
Suppose 17*d - 20*d = -507. Suppose 7*q - d = -6*q. What is the greatest common divisor of q and 247?
13
Let j(p) = -p + 15. Let o be j(17). Let g be (-3635)/(-10) - (-4)/(-16)*o. Calculate the greatest common factor of g and 52.
52
Let z be 6 + (-84)/15 + 148/5. Let k = -565 - -595. What is the highest common factor of z and k?
30
Let v(k) = 13*k**3 - 2*k**2 + k + 1. Let b be v(2). Let t be (-4)/15 - 479290/(-21525). What is the highest common divisor of b and t?
11
Let t(c) = c**2 + 17*c + 3. Let h be (-690)/40 - (1 + 10/(-8)). Let q be t(h). Let x be ((-15)/(-20))/(q/12). Calculate the highest common factor of x and 5.
1
Suppose 12*n = -11*n + 20*n + 6834. What is the highest common divisor of n and 68?
34
Suppose 3*f - 3 = z - 6, 4 = -4*f - 4*z. Suppose 3*c - 2 = 1. Let l be 3 - (c + f) - -125. Calculate the highest common divisor of 32 and l.
32
Suppose s = -5*y + 102, -3*s + 190 = -s + 3*y. Let d = -63 + s. Let u be 0 + 1 - 4 - -61. What is the highest common divisor of u and d?
29
Let d(o) = -3*o**2 - 5*o + 2. Let l be d(2). Let x be 28/(-49) + l/14. Let s be x*3/(-15) - 294/(-15). What is the greatest common factor of 140 and s?
20
Let x be (-7 - (-58)/4)*2. Suppose -x*s + 90 = -0*s. What is the highest common divisor of s and 162?
6
Suppose 4*u - 75 - 115 = -5*t, 4*t - 5*u - 111 = 0. Let m = t + -18. Let q be (35/140*(-6 + 0))/(18/(-24)). Calculate the greatest common factor of m and q.
2
Suppose -8*t = 13*t - 7*t - 3528. Calculate the greatest common divisor of t and 78.
6
Suppose -3*n = -m - 375, 12 = -5*m + m. Let z be ((-864)/28)/(-9)*(-2408)/(-516). What is the highest common divisor of n and z?
4
Let b be (-1960)/1568 - ((-1522)/8 + -1). What is the greatest common divisor of b and 836?
38
Suppose -2538 = -884*f + 837*f. Calculate the greatest common factor of 7074 and f.
54
Suppose -2*t + 62 = -4*n, -5*n = 1024*t - 1027*t + 93. What is the highest common divisor of t and 217?
31
Suppose -5887 = -70*f - 1687. What is the highest common divisor of f and 4020?
60
Let s be (-18)/10*(816/24 - 54). Let m(z) = z**3 - 5*z**2 + 3*z - 3. Let v be m(5). What is the highest common divisor of s and v?
12
Let d be -6 - -10432 - (6 + 3). What is the highest common factor of 11 and d?
11
Let t = 4 + -4. Let q be t + -6*(1 + (-21)/18). Let m be (-3 + q)/(6/(-45)). Calculate the highest common divisor of m and 60.
15
Suppose -5*x = 2*o + 1 - 9, -7 = -o - 4*x. Let p be 171 + (-2 - -4) + o. Calculate the highest common factor of 43 and p.
43
Let x be (-23 + 28)/(1/166). Suppose -2*m + 4*w + x = 6*w, 1247 = 3*m + w. What is the greatest common factor of 64 and m?
32
Let x be (1/7)/((-25)/(-175)). Let t = 8 + -4. Suppose 0 = -2*a + t*c + 21 + 5, 4*a = 5*c + 40. What is the greatest common factor of x and a?
1
Let n be 904/6 + (-4)/6. Let o(k) = 158*k + 32194. Let g be o(-203). What is the greatest common divisor of g and n?
30
Let m(v) = v**3 + 8*v**2 + 24*v + 197. Let l be m(-7). Calculate the highest common factor of l and 819.
39
Let v(a) = 40*a**2 + 110*a - 1164. Let c be v(10). What is the greatest common factor of c and 123?
123
Let x be 34 - (-35 + 83 + -25). Let a = 620 + -268. What is the greatest common factor of x and a?
11
Suppose -262*b + 277*b - 15 = 0. Calculate the greatest common factor of b and 23.
1
Let m be 4 - (-206 + (6 + -13 - -7) + 0). Calculate the highest common divisor of m and 330.
30
Let k = 351 - 260. Suppose k + 74 = 11*s. What is the greatest common factor of 120 and s?
15
Let l be 19/(2/2) - 3. Let k = 293 - 304. Let h be (-3)/3 - (k + -30). Calculate the highest common factor of l and h.
8
Let k = 6 - 2. Suppose -k*n = -n - 15. Suppose 3*l - 72 = -t - 4*t, 4*l = -4*t + 56. Calculate the greatest common divisor of n and t.
5
Let v be (45/(-4))/((-54)/144). Suppose -4*x + 40 = -5*u, 0*u + v = 3*x + u. Wh